
-1704a
Convert 2143102032 (base 5) to base 3.
22202201211100
Convert 3566510 (base 12) to base 8.
47336534
What is 724165 (base 9) in base 3?
210211012012
10351061 (base 10) to base 8
47370725
What is -aba37 (base 12) in base 8?
-675013
1501083 (base 9) to base 6
25422550
10e5a (base 16) to base 14
1b318
Convert -7258 (base 14) to base 13.
-8c59
-331115 (base 7) to base 10
-58028
Convert 2010103 (base 5) to base 11.
21a73
-11231143023 (base 5) to base 14
-19a099b
What is 340601 (base 12) in base 14?
178837
Convert 1222212220 (base 3) to base 11.
27571
What is -924014 (base 10) in base 16?
-e196e
Convert -1354145 (base 11) to base 16.
-239ae5
-525521520 (base 6) to base 9
-18332403
What is -42131143 (base 5) in base 10?
-348923
Convert 47731 (base 13) to base 4.
133330132
Convert -15068071 (base 9) to base 3.
-112002022002101
76979 (base 16) to base 5
111021003
271533 (base 8) to base 13
3436b
770634 (base 8) to base 9
433477
-1a4a01 (base 14) to base 10
-934921
19f7b (base 16) to base 12
51677
Convert -f2d0 (base 16) to base 8.
-171320
84adb6 (base 15) to base 4
120011211222
What is -133003143 (base 5) in base 3?
-1021011012221
Convert -2320042 (base 6) to base 16.
-1d1da
325035400 (base 6) to base 15
7a47ac
Convert 3238a6 (base 15) to base 10.
2391456
Convert -20040313 (base 5) to base 14.
-41c53
-53c8b4 (base 13) to base 9
-3632311
9d2d3 (base 15) to base 12
201530
What is -7c947 (base 14) in base 3?
-120102112221
Convert 2745506 (base 10) to base 2.
1010011110010010100010
-1223948 (base 10) to base 11
-766630
Convert -3318917 (base 11) to base 5.
-2442333412
-929a8 (base 11) to base 6
-2523542
Convert -122842 (base 16) to base 4.
-10202201002
202100001202 (base 3) to base 4
1201232030
-3bcd (base 16) to base 7
-62430
What is 313421023 (base 6) in base 9?
11301476
Convert -11011101011111111 (base 2) to base 7.
-651430
-302656 (base 8) to base 4
-120112232
-111111001110010000111 (base 2) to base 13
-576c67
What is -cd23ae (base 15) in base 9?
-20353162
What is -2ee151 (base 16) in base 10?
-3072337
-693977 (base 10) to base 13
-1b3b4b
Convert 525213 (base 7) to base 13.
3235b
What is -59574 (base 10) in base 7?
-335454
What is 62774b (base 13) in base 11?
1332178
Convert -133001213 (base 4) to base 5.
-13031304
-b5783 (base 16) to base 9
-1352547
Convert -80089 (base 10) to base 14.
-21289
Convert 58280 (base 10) to base 13.
206b1
-1012001212120 (base 3) to base 11
-3a1278
What is 8162112 (base 9) in base 13?
b94863
-cc113 (base 13) to base 9
-622502
Convert -100100100001000010100 (base 2) to base 10.
-1196564
-318767 (base 10) to base 16
-4dd2f
Convert 11010111110110111011000 (base 2) to base 8.
32766730
Convert -3351142 (base 9) to base 8.
-6705503
Convert -c1a4 (base 15) to base 2.
-1001111110101111
Convert 566178 (base 9) to base 8.
1226301
-1031100030 (base 4) to base 5
-40111203
What is b4b94 (base 15) in base 8?
2137075
What is -814735 (base 10) in base 8?
-3067217
Convert 1122110121210 (base 3) to base 4.
3111223311
What is 5965a (base 14) in base 6?
4401224
Convert -11010010010110101010 (base 2) to base 3.
-1121202220111
5521616 (base 10) to base 4
111010003100
1012244112 (base 5) to base 16
1f9ce6
3023204220 (base 5) to base 2
10111001001110000111110
Convert -1392b8 (base 12) to base 15.
-66d65
185603 (base 15) to base 6
41203003
Convert -10011001011100100110001 (base 2) to base 4.
-103023210301
Convert -3599368 (base 10) to base 2.
-1101101110110000001000
-14656 (base 16) to base 9
-136534
-9426 (base 10) to base 6
-111350
What is 1112202012221 (base 3) in base 10?
821743
What is -10110110101011011011 (base 2) in base 6?
-24012043
What is -8b585 (base 12) in base 10?
-185717
Convert 261106 (base 10) to base 4.
333233302
Convert -1110010110010100011 (base 2) to base 10.
-470179
Convert 10101110101001101 (base 2) to base 12.
438b9
Convert 2454309 (base 11) to base 15.
594102
What is 430672 (base 11) in base 10?
688932
-606bc (base 14) to base 11
-149202
What is 3529c (base 13) in base 14?
27583
Convert -25600432 (base 7) to base 11.
-1356403
-1000110010000100 (base 2) to base 13
-134b1
What is 7691362 (base 10) in base 2?
11101010101110001100010
What is 1049a (base 12) in base 4?
11032312
Convert -283ffa (base 16) to base 7.
-31264301
What is -1472a (base 14) in base 2?
-1100011001110010
What is 4155726 (base 11) in base 2?
11011111101000100011110
-20a2a8 (base 12) to base 13
-150761
324d8c (base 16) to base 10
3296652
What is 13779 (base 14) in base 7?
260212
What is -20210012002 (base 3) in base 15?
-2987e
Convert -2671052 (base 8) to base 4.
-2313020222
Convert -35041512 (base 6) to base 11.
-677475
Convert 6ed40 (base 15) to base 7.
3003012
31a5b (base 12) to base 9
108688
What is 4004544 (base 6) in base 16?
2dd30
Convert 123392 (base 14) to base 15.
c4b89
Convert -103a286 (base 11) to base 5.
-432013010
-1a714 (base 13) to base 4
-30220103
What is 15331718 (base 9) in base 14?
102b901
What is 1020122220102 (base 3) in base 7?
5426516
What is 2604928 (base 10) in base 4?
21323332000
What is 19201 (base 15) in base 8?
237053
-20202023230 (base 4) to base 7
-25005226
-16b1a (base 12) to base 11
-22637
Convert -7000755 (base 10) to base 13.
-15b1678
Convert 5821a (base 12) to base 11.
80574
-1d579 (base 14) to base 4
-102112213
Convert -23314160 (base 8) to base 13.
-1090868
What is -13369 (base 10) in base 5?
-411434
What is -2a779b (base 16) in base 4?
-22213132123
What is -41501323 (base 8) in base 3?
-121120212100011
Convert -710a22 (base 11) to base 14.
-21a8b6
What is -130782 (base 9) in base 2?
-10011011000001101
Convert 10b233b (base 12) to base 14.
5daa63
-c811 (base 16) to base 3
-2121020221
What is 14713687 (base 9) in base 5?
3334101024
What is -11021110022 (base 3) in base 13?
-2c405
-6a87b (base 15) to base 3
-122020120222
What is 77782 (base 9) in base 11?
35904
What is -30805 (base 9) in base 7?
-113201
10130410010 (base 5) to base 12
3598837
What is 23a58 (base 14) in base 8?
252076
-1916c (base 14) to base 3
-10012222022
What is 4412ed (base 15) in base 5?
1312302143
What is -22a144 (base 11) in base 12?
-157193
What is -a24499 (base 13) in base 5?
-1431422032
-2313216 (base 7) to base 15
-5aa90
-11a889b (base 13) to base 6
-313535440
418287 (base 11) to base 16
a3886
315b97 (base 13) to base 11
71a091
Convert 12c1a0 (base 14) to base 9.
1186701
What is 117723 (base 8) in base 6?
513231
Convert -10142352 (base 6) to base 12.
-1219b8
Convert -101101110000101101 (base 2) to base 12.
-90579
What is -656399 (base 10) in base 15?
-ce74e
-1385e (base 15) to base 7
-350423
-31a27 (base 11) to base 7
-252356
1283562 (base 9) to base 7
5663306
Convert 1330242143 (base 5) to base 11.
19a0823
Convert 1313130321 (base 4) to base 11.
304664
Convert -202739 (base 11) to base 14.
-8696d
Convert -37103 (base 12) to base 3.
-10210010110
Convert -102111121010 (base 3) to base 5.
-24221200
What is -5106414 (base 7) in base 11?
-385317
Convert -14fed6 (base 16) to base 14.
-27b62a
349b02 (base 12) to base 16
ceaf2
What is 354244510 (base 6) in base 14?
c504d4
Convert 2122102000211 (base 3) to base 8.
5271136
Convert a67196 (base 12) to base 2.
1010000000111001000010
-527a565 (base 12) to base 6
-1314055405
What is -25012012 (base 6) in base 8?
-3020410
What is 210110100202202 (base 3) in base 6?
1044230202
What is -219860 (base 10) in base 5?
-24013420
2c2b (base 14) to base 12
4687
d0d2 (base 16) to base 12
26b2a
What is 22115606 (base 7) in base 6?
104444555
What is -1033111211 (base 4) in base 9?
-544682
-556294 (base 11) to base 15
-127b46
Convert -2431401 (base 5) to base 6.
-552135
What is 212200200211 (base 3) in base 6?
13554551
What is 5a020 (base 16) in base 5?
43244142
What is -802d8 (base 14) in base 5?
-34323120
Convert 7044926 (base 11) to base 4.
233203130030
What is -efa08 (base 16) in base 2?
-11101111101000001000
Convert 2446382 (base 9) to base 7.
14206406
-4750858 (base 9) to base 3
-11211200221222
-297c3d (base 14) to base 11
-8a6175
3895b36 (base 12) to base 11
6322861
Convert -433140200 (base 5) to base 2.
-111000011100001010001
What is 286358 (base 9) in base 11?
10a744
-23144 (base 16) to base 9
-238078
Convert 331213310 (base 4) to base 7.
2100605
7288 (base 14) to base 6
231144
What is -703a680 (base 